**2 - 3*j - 199. Let y be v(-17). What is the greatest common divisor of y and 2?
2
Let j(y) = 68*y - 4597. Let w be j(78). What is the highest common factor of 505 and w?
101
Let s = 8306 + -5758. Calculate the greatest common divisor of 42 and s.
14
Let h be (-155)/(-55) + (-22)/(-121). Suppose -3*w = -h*o + 513, 240 = 3*o - 5*w - 265. What is the greatest common divisor of o and 70?
35
Suppose 5*u - 2*v - 22 = 43, 52 = 4*u + v. Let q be -3 + 4 + 925 + -3. What is the greatest common divisor of u and q?
13
Let i = 5069 - 4414. Calculate the highest common divisor of 524 and i.
131
Let x be (14 + -10)*(-15)/(-4). Let w be 48/(x - 7) - -18. Calculate the highest common factor of 648 and w.
24
Let u = -65 + 95. Let m be (-75)/((u/(-5))/6). Calculate the greatest common factor of 30 and m.
15
Let r be 4/(5 + 1 + -5). Suppose -o - 2*g - 14 = -16, 0 = r*o + 3*g - 23. What is the highest common factor of o and 2?
2
Suppose 0 = 5*g - 6*g + 112. Suppose 0 = -m - 5, 2*c + 4*m = -91 - 13. Let a = g + c. Calculate the greatest common divisor of 28 and a.
14
Let a(h) = -h**3 - 7*h**2 - 4*h - 11. Let n be a(-7). Suppose -v + 3*j + n = 0, 0 = -3*v + j - 27 + 70. Calculate the highest common factor of 112 and v.
14
Let n(p) = p**2 + 20*p + 91. Let i be n(-13). Suppose -g - 4*a + 164 = i, 172 = 4*g + 2*a - 456. What is the highest common divisor of 108 and g?
12
Let o = -2075 - -2133. Calculate the greatest common divisor of 3480 and o.
58
Suppose -44*l + 46*l - 4*h - 936 = 0, 5*l - 5*h - 2340 = 0. Let u be ((-13)/3)/(5/(-30)). Calculate the highest common factor of l and u.
26
Let w be (-6)/(25/(-14) + 4/14). Suppose 0 = 2*t + w*t - 216. What is the highest common divisor of t and 4?
4
Suppose -30*v = -978 + 1910 - 9812. What is the greatest common factor of v and 128?
8
Let a = -64 - -79. Let f(b) = -5 + b**2 + a + 3*b - 4 - 2. Let l be f(-5). What is the highest common divisor of l and 98?
14
Let w be (17 - 2)*(-5 + 6 + -2). Let f be w/25 + (-113)/(-5). Calculate the highest common divisor of 1078 and f.
22
Let o(q) = q + 44. Let t be 4/(-14) + (-466)/(-14). Let y be o(t). What is the highest common divisor of 7 and y?
7
Suppose 39*l - 3559 = -868. Calculate the highest common divisor of 12 and l.
3
Suppose 0 = -914*w + 871*w + 188168. Calculate the highest common factor of w and 8.
8
Suppose 140 = -3*c + 5*a, -4 = -3*a + 2*a. Let j = 45 + c. Let f be ((-10)/(-4))/((-3)/(-6)). What is the greatest common divisor of j and f?
5
Let f = -1266 - -1270. Let y(i) = 2*i. Let p be y(5). Let d be (-286)/(-65) - 4/p. Calculate the highest common divisor of f and d.
4
Suppose 0 = -3*i - 5*t - 21, 33*i + 2*t = 29*i. Let v be 0/(3 - 1/1). Let y = v - -21. Calculate the highest common factor of i and y.
3
Suppose 0 = -106*m + 114*m - 152. Calculate the highest common factor of m and 5149.
19
Let v = -44 + 48. Let u be (-2623)/(-172) + (-1)/v. What is the greatest common factor of 25 and u?
5
Let f = 6331 - 2707. Calculate the greatest common divisor of 151 and f.
151
Suppose -102 = -5*z + 2*f, -3*z - 709*f + 710*f + 62 = 0. Calculate the highest common divisor of z and 26.
2
Let j = 4845 - 4791. Calculate the greatest common divisor of j and 2646.
54
Let x = -10039 - -10127. Calculate the highest common divisor of x and 1792.
8
Let v(g) = 1253*g - 9441. Let h be v(8). Calculate the highest common factor of 424 and h.
53
Let a = 27 - 6. Suppose m - 3*m - 3*o = -a, 4*m - 3*o = -3. Let h(y) = y**3 - 4*y**2 + 4*y - 1. Let n be h(m). What is the greatest common factor of n and 14?
2
Let n = -312 + 236. Let k = n + 132. What is the highest common divisor of 7 and k?
7
Suppose -3*u = d + 5, 0*d - 4*u = -5*d + 70. Suppose -2*w - 1680 = -d*w. Calculate the greatest common divisor of w and 28.
14
Let z = 1939 + -1624. What is the highest common divisor of z and 1071?
63
Let c = 940 - 880. Suppose q = -4*q + 240. Calculate the highest common divisor of c and q.
12
Let d be 6/21 + (-2977)/(-91). Suppose -3*z - d = -4*n, -3*n - 22 = -4*n - 2*z. Calculate the greatest common divisor of n and 6.
6
Let l = -19 + 36. Suppose -3*t + l = -2*u + u, -u - 5 = 0. Suppose -2*m + 5*b + 6 = 2*m, -2*m + 5*b = 2. Calculate the highest common factor of m and t.
4
Let p = -32420 + 32605. Calculate the highest common divisor of 5 and p.
5
Let m be (-616)/(-20 - -13)*(-3 + (-54)/(-8)). Let x be ((-4)/(-6))/(-1)*-6. Let j be ((-24)/(-14))/(x/70). What is the greatest common factor of j and m?
30
Suppose 3*z - 7*z = -40. Suppose 0 = 4*h - 4*q - 232, -13*q + 8*q = 5*h - 270. Let b be (z + 2)*h/32. What is the highest common divisor of b and 3?
3
Let o(a) = 186*a**3 - a**2. Let s be o(1). Let h = s + -119. Suppose 0 = -5*x + 2*f + 118, f - 2*f - 70 = -3*x. Calculate the highest common factor of h and x.
22
Suppose 3*i + 30 = 3*o, 7*o - 8 = 5*o. Let l be (-300)/(-27) - 8*i/(-432). What is the highest common divisor of l and 187?
11
Suppose c = -5*c + 1938. Suppose 99 = -c*h + 326*h. What is the highest common divisor of h and 33?
33
Let h(v) = -347*v + 1444. Let i be h(4). Calculate the greatest common divisor of 11256 and i.
56
Suppose -6935 - 2461 = -261*o. Calculate the greatest common divisor of o and 141.
3
Suppose 4*q - 5687 = a, 2*q + 4249 = 5*q - 4*a. Suppose -253 = -15*h - q. Let g = h - -99. What is the highest common divisor of g and 147?
21
Let l(o) be the third derivative of -o**5/30 + 37*o**4/24 - 34*o**3/3 - 61*o**2. Let j be l(16). What is the greatest common divisor of j and 6?
6
Suppose 0 = -y + 4*p - 817 + 2298, 2*y - 4*p - 2966 = 0. What is the highest common divisor of y and 72?
9
Suppose 5 = -k, 2*k + 14 - 40 = -9*u. What is the greatest common factor of u and 284?
4
Suppose 0 = 37*r + 51 - 14. Let s be (52 - -12) + ((-7)/r - 3). Calculate the greatest common factor of s and 238.
34
Suppose -4*c + 9*c + 220 = 0. Let r = c - -48. Suppose -51 = -r*z + 41. Calculate the highest common divisor of 23 and z.
23
Suppose 0 = 11*q + 3*q - 84. Suppose -q = 3*a, 2*v + 6*a - 8 = 2*a. Let b be v/(-5)*(-35)/14. What is the greatest common factor of b and 6?
2
Let k(f) = 3*f**2 - f - 4. Suppose 8 = -2*b - 5*t, -b + 4*t + t = 34. Let u = b + 12. Let v be k(u). Calculate the highest common factor of 2 and v.
2
Suppose 2*g = 3*k + 17, 2*k + 14 = g + 3*g. Let i(a) = 20*a**3 - 4*a**2 + 2. Let u be i(g). What is the greatest common factor of 27 and u?
9
Let j(l) = -373*l - 440. Let d be j(-2). Calculate the greatest common factor of d and 17.
17
Let f = 81 - 43. Let y be (52/((-1300)/(-375)))/((-6)/(-38)). What is the highest common divisor of f and y?
19
Let z(x) = -432*x - 2979. Let w be z(-7). Calculate the highest common divisor of 705 and w.
15
Let a be 14581 - ((-210)/350 - 16/(-10)). Calculate the highest common divisor of a and 60.
60
Suppose 22*p - 143 = 9*p. Let l be ((-2)/6)/((-4)/24*2). Calculate the greatest common divisor of p and l.
1
Suppose -4*k = -2*u + 62, -6*u + u + 85 = 4*k. Let v be 14/u + (-657)/(-27). Calculate the highest common divisor of 40 and v.
5
Let q be (81 + -90)/(9/(-2)). Suppose 0 = h - 4*h - g + 26, -5*g + q = -h. Calculate the highest common factor of 62 and h.
2
Suppose 3*z + 11*r - 16*r - 5940 = 0, -z + 1981 = -2*r. Calculate the highest common factor of 79 and z.
79
Suppose 89*u + 88*u = 7109 - 1091. What is the highest common factor of u and 16303?
17
Let x be (432/(-45) + 8)*30/4. Suppose -u - 2 - 4 = 0. Let v = u - x. What is the greatest common factor of 66 and v?
6
Let l = 194 + -96. Suppose 26 = -9*u + l. What is the highest common divisor of u and 88?
8
Let h = 124 - 64. Suppose -d - h = 59. Let g = -107 - d. Calculate the highest common factor of 96 and g.
12
Let y be 54/12*32/9. Calculate the highest common divisor of 296 and y.
8
Let v(p) = 90*p**2 + 9*p + 12. Let u be v(-2). Suppose 4*f - 6*f - 4*i = -224, 3*f - 3*i - u = 0. Calculate the greatest common divisor of 29 and f.
29
Let v = 1648 - 515. Calculate the greatest common factor of v and 44.
11
Let i(o) = -8*o**2 - 109*o + 16. Let b be i(-15). Suppose -3 = -d, d + 13 = q - 0*q. Let n = q - b. Calculate the highest common factor of 15 and n.
15
Let z be ((-305)/(-25) + -5)*20/6. Let q = -65 + 67. Let d be q*3*(-16)/z + 28. What is the greatest common factor of 60 and d?
12
Suppose -5*n + 40 = -0